vative of -h**5/20 - 23*h**4/12 + h**3/6 + 27*h**2 + 32*h. What is the remainder when q(-23) is divided by 11?
9
What is the remainder when 638 is divided by 38 + (-3289)/88 - 1499/(-8)?
74
Suppose 150 = 6*y + 120. Suppose -j + 4*a = -3*j + 104, y*j - 215 = 5*a. Calculate the remainder when j is divided by 4.
2
Suppose -3*u + 508 = 118. Let c = -28 + u. Calculate the remainder when c is divided by 19.
7
Suppose 71*a - 61*a = -389*a + 3591. What is the remainder when (-3)/(-12) + (-262)/(-8) is divided by a?
6
Suppose 3*d + 108 = 9*d. Let g(i) = -9*i - 12*i - 36 - 9*i + 34*i. What is the remainder when g(17) is divided by d?
14
Let x(s) = s**3 - 7*s**2 - 94*s + 720. What is the remainder when 484 is divided by x(7)?
50
Suppose 0 = -190*w + 31*w + 26394. Calculate the remainder when 177 is divided by w.
11
Let z = -44 - -44. Suppose -4*h + 36 + 44 = z. What is the remainder when (-14)/(-6) + (-30800)/(-264) is divided by h?
19
Let j = -364 - -370. What is the remainder when 8*2/j*(-2745)/(-60) is divided by 25?
22
Let r = -493 - -518. Suppose -5*f - 10 = -0, 3*b + 5*f + 1072 = 0. What is the remainder when (-28)/35 + b/(-5) is divided by r?
20
Let m(x) = -7*x**3 + 351*x**2 - 48*x + 18. Calculate the remainder when 589 is divided by m(50).
117
Let h(x) = 2*x**3 - 12*x**2 - 2*x - 12. Let u be h(7). Calculate the remainder when 39 is divided by 6/(((-9)/u)/((-1)/2)).
15
Let g be 1/(3/(-3 - 0)). Let h be (1 + -9 + 5)*g*3. Let p = 17 - h. What is the remainder when 20 is divided by p?
4
Let b(d) = -d**3 + 17*d**2 + 26*d + 52. Calculate the remainder when b(16) is divided by 191.
151
Suppose -11*a + 22 + 11 = 0. Suppose -a*b = 2*b - 25. Suppose 243 + 113 = 4*x + 4*q, 4*x + b*q = 352. What is the remainder when x is divided by 19?
17
What is the remainder when 5454 is divided by (1232/(-55) + -4)/((-54)/180)?
86
What is the remainder when 20/6*12/(-8) - (-8888)/11 is divided by 91?
75
Let t = -6 - 18. Let w = -11 - t. Suppose 91 = 4*i - w. What is the remainder when i is divided by 14?
12
Suppose -c + 3*l - 79 + 107 = 0, -3*l - 12 = 0. Calculate the remainder when 2751 is divided by c.
15
Suppose -5*n = 3*t - 182, -46*n = -47*n - 5*t + 10. Calculate the remainder when 634 is divided by n.
34
Suppose 60 = 3*v + 3*a, 81 = v + 2*v - 4*a. Let h = 209 - 74. Suppose 1120 = 145*t - h*t. What is the remainder when t is divided by v?
20
Let s(c) = -c**2 + 61*c - 851. Let g = -82 + 140. Suppose 0 = 3*b - r - 0 - g, 72 = 4*b - 4*r. Calculate the remainder when s(30) is divided by b.
19
Let t(j) = j**2 - 14*j + 18. Let c be t(13). Suppose -4 = 4*m - c*m. Calculate the remainder when 6 is divided by m.
2
Let l = -90 - -127. Suppose 32184 = -55*t + 353*t. Calculate the remainder when t is divided by l.
34
Let s(b) = 494*b - 1225. What is the remainder when s(32) is divided by 221?
218
Suppose 518 = 9*w - 364. Suppose -8*i - 2*i = -160. Calculate the remainder when w is divided by i.
2
Suppose 3169 = 2*g + 8*g + 79. What is the remainder when g is divided by 78?
75
Let n(b) = 289*b - 3411. Calculate the remainder when 621 is divided by n(12).
51
Let a be (14 + -4 + 8)/(3/448). Suppose 7*p + 14*p - a = 0. Calculate the remainder when p is divided by 43.
42
Let x be 1/(2/4) + 3. Suppose -2*l - x*l - 231 = 0. Let o = 40 - l. What is the remainder when o is divided by 19?
16
Let l = -397 - -403. Suppose 6*f + l*f = 1632. What is the remainder when f is divided by 70?
66
Let w(i) = -3*i + 31. Let h = -12 + 11. Let v be (24/(-16))/(h/(-6)). What is the remainder when w(v) is divided by 30?
28
Let i be ((-10)/(-10))/((-1)/(-19)). Suppose 0 = 3*w - i + 1. What is the remainder when 21 is divided by (4 - w)*(0 - 1)*6?
9
What is the remainder when 2874/9*(-24 - -27) is divided by 27?
13
Suppose -81*j - 2634 - 502 = -113*j. What is the remainder when 160 is divided by j?
62
Let m = 174 - 121. Suppose a = -9, -4*b - 2*a = -0*a - 818. What is the remainder when b is divided by m?
50
Suppose 4*q - 3 - 9 = 0, -4*i + 3830 = 2*q. What is the remainder when i is divided by 159?
2
Let k(l) = 7*l - 3. Suppose -2*r = 13 - 15. Let u be k(r). Suppose 3*y = -u*y + 385. Calculate the remainder when y is divided by 7.
6
What is the remainder when 288 is divided by (-6*16/60)/((-9)/630)?
64
Let o(r) = r**3 + 9*r**2 - 5*r - 41. Let c be o(-5). Suppose -4*k = -216 + c. What is the remainder when 394 is divided by k?
31
What is the remainder when 4225 is divided by (-7 - (-258)/42)/((-2)/21)?
4
Let q(k) = -2*k**2 + 20*k - 39. Let m be q(9). Let x = 41 + m. Calculate the remainder when 53 is divided by x.
13
Let z(d) = -2*d**2 + 31*d - 78. Let b be (8/24)/((-5)/(-135)). Calculate the remainder when 6/(-4)*(-232)/3 is divided by z(b).
38
Let q be (-8)/(-10) - (-21504)/120. Let g = q - 172. What is the remainder when 78 is divided by g?
6
Let c be -6*(-2)/6 + 1. Suppose -124 = -c*d - d. Suppose 5*b - 5*g = 24 + 21, -3*g - d = -4*b. What is the remainder when 6 is divided by b?
2
Let j(d) be the third derivative of d**6/120 + d**5/6 - 5*d**4/12 - 4*d**3/3 - 54*d**2. Calculate the remainder when j(-8) is divided by 51.
47
Let l(d) be the third derivative of -d**6/120 + 2*d**5/15 + 8*d**3/3 - 5*d**2 - 8. What is the remainder when l(8) is divided by 9?
7
Let m be -2*(-6 + 4)*488/32. Suppose -4*x - m = -o, 12*o + 59 = 13*o - 3*x. What is the remainder when o is divided by 11?
9
Let i be (14/4 + -2)*728/78. Let n be 28/8*(78 - -2). What is the remainder when 27 is divided by 1/2*n/(i + -7)?
7
Let d be (3/(-12))/(4/(-48)). Let v(k) = 14*k + 15. What is the remainder when v(d) is divided by -1*(-19 + 4 + 0)?
12
Suppose 13*q - d = 8*q + 3199, q + 5*d - 619 = 0. Let f = -520 + q. Calculate the remainder when f is divided by 25.
19
Suppose -3*z - o = -17, z + 4*o - 3 = 3*o. Suppose 5969 = z*m + 40*m. Suppose -2*n - 2*n = -176. What is the remainder when m is divided by n?
39
Calculate the remainder when 190 is divided by (4 + -1)/(((-6)/(-15))/(-16 - -22)).
10
Let h be ((-9)/12)/3*(1 - 5). Calculate the remainder when 2800/28 - (-3 - h) is divided by 30.
14
Let c(a) = -33*a - 41. Suppose 2*j + 4*r - 98 = 0, -3*r + 2 = -10. What is the remainder when c(-6) is divided by j?
34
Let r(s) = 36*s + 110. Let c be r(-3). Suppose -4*t + t = -c*q + 36, -5*t + 52 = 2*q. What is the remainder when 24 is divided by q?
3
Suppose -5*s - 26 - 19 = 0. Suppose -5*m + 105 = 5*g, 2*m = 5*g - 0*m - 119. Calculate the remainder when g is divided by -1*(1 - 1) - -4 - s.
10
Suppose -5*k = 26*c - 25*c + 194, 2*k - 448 = 2*c. Let s = 226 + c. Let v = -13 + 38. What is the remainder when v is divided by s?
4
Suppose -9*u - 11*u + 7467 = 111*u. What is the remainder when 1468 is divided by u?
43
Let x(w) be the second derivative of -w**5/20 + 13*w**4/12 + 11*w**3/6 + 23*w**2 - 7*w - 5. What is the remainder when 63 is divided by x(14)?
3
Let m(n) = 9*n**2 + 73*n - 263. Calculate the remainder when m(5) is divided by 16.
7
What is the remainder when (36 + -6)*(-4 - -10) is divided by 37?
32
Let g(d) = -4*d**3 - 6*d**2 - 7*d - 5. Suppose 0 = -2*b + 2*n - 12, 5*n + 9 = -b + 7*n. What is the remainder when g(b) is divided by -12*(1/(-2) + -1)?
16
Suppose 735*j - 84 = 723*j. Let n(x) = -x + 26. Let h be n(17). Suppose -2*z = 4*k - 50, -4*k + 5*k + 4*z = h. What is the remainder when k is divided by j?
6
Suppose 41*c - 3396 + 943 = 3697. What is the remainder when 411 is divided by c?
111
Let u(l) = 25*l**2 - 133*l - 23. Calculate the remainder when 92 is divided by u(6).
13
Suppose -4 = 2*g + 4. Let b be 15*1 + 2 + (g - -1). Suppose b*m - 415 = 9*m. What is the remainder when m is divided by 17?
15
Suppose 0 = -106*y + 9973 + 16951. What is the remainder when 482 is divided by y?
228
Let a(q) = q**3 - 46*q**2 - 200*q + 144. What is the remainder when 191 is divided by a(50)?
47
Let v(h) = 2*h - 1. Let j(q) = -3*q - 21. Let a be j(-9). Let f be v(a). Suppose -u + f = 2. Calculate the remainder when u is divided by 3.
0
Suppose -2*i - l + 115 = -34, 0 = -i - 4*l + 92. Let d(z) = -39*z + 23. Calculate the remainder when d(-3) is divided by i.
68
Suppose 2*a = 0, -6*a + 5*a + 5 = p. Suppose 2*q - 4*c - 1 = p, -2*q - 2*c = 18. Let n(u) = -3*u - 2. What is the remainder when n(q) is divided by 2?
1
Let o(k) = -157*k - 2431. What is the remain